 4*w(g). Let f(s) = 2*s + 5. Let l(j) = 6*d(j) + 5*f(j). Determine l(z).
3
Let w = -114 + 116. Let h(z) = z**2 + 3*z + 4. Let p(c) = c + 1. Suppose -5*k + 1 = -4. Let n(s) = k*h(s) - 2*p(s). Calculate n(w).
8
Let l(m) = m**2 + 5*m + 3. Let r be (1 - (5 - 3))*5. Calculate l(r).
3
Suppose -m = m - 14. Suppose m = 2*y - 3. Let t(g) = -4 + 0*g**2 + 5*g - 2 - g**2. Give t(y).
-6
Let b(p) = 5*p**3 + p**2 - 1. Suppose 4*d - 26 = 22. Let y be 21/4 - 3/d. Suppose 0 = -y*w + 5. What is b(w)?
5
Let g(r) = r - 2. Let z be (-6)/10 + (-115)/(-25). Suppose 3 = -3*d + z*d. Let t = -1 + d. Give g(t).
0
Let m(o) be the third derivative of -o**4/24 + o**3/3 + 24*o**2. Calculate m(4).
-2
Let z(j) = 11*j**3 - 8*j**2 - 5*j - 11. Let h(b) = 4*b**3 - 3*b**2 - 2*b - 4. Let l(y) = -8*h(y) + 3*z(y). Determine l(0).
-1
Let o be (2 - 4) + -2 + 2. Let b(s) = 16*s**3 + 5*s**2 + 6. Let c(i) = 3*i**3 + i**2 + 1. Let u(r) = o*b(r) + 11*c(r). What is u(-1)?
-1
Let x(t) be the third derivative of -t**4/24 - 7*t**3/6 + 8*t**2. What is x(0)?
-7
Let s(m) = 12*m**2 - 2*m + 7*m + 2*m - 6 - 11*m**2. Give s(-6).
-12
Let u(h) = 7*h + 1. Let c(q) = -59*q - 15. Let z(m) = -12*m - 3. Let j(g) = 2*c(g) - 11*z(g). Let p(o) = -2*j(o) + 5*u(o). Calculate p(1).
6
Let p = -64 - -63. Let l(h) = 8*h**3 + h**2 + h. Calculate l(p).
-8
Let t(u) = -u + 2. Let s = 18 - 11. Give t(s).
-5
Let u = 8 + -12. Let h(p) = -2*p - 13. Let t(m) = -m - 6. Let b(q) = -3*h(q) + 7*t(q). What is b(u)?
1
Let s be (4 + -1 - 3)/1. Let f(l) be the second derivative of 0 + 1/6*l**3 + 3*l + s*l**2. Calculate f(3).
3
Suppose 0 = 4*c - 2 - 2. Let t(l) = -1 + 0 - 3*l + 4*l - l**2. Give t(c).
-1
Suppose -3*b + 15 = -4*u, 4*b + 0*u = u + 20. Let r(h) = -h**2 + 5*h - 2. Give r(b).
-2
Let t = 12 + -10. Suppose 5*p = -t*u + 11, -3*p - 3*u = u - 15. Let h(g) = g**2 + 1. Give h(p).
2
Let n(g) be the third derivative of g**8/6720 + g**7/630 + g**6/360 + g**5/40 - g**4/12 - 3*g**2. Let m(j) be the second derivative of n(j). Determine m(-3).
6
Let f(w) = -w**3 - 3*w**2 + w + 3. Let s = 3 - -3. Suppose 4*m - 3*g + 4 = 0, m - 5*g = 6*m - 30. Suppose -s*h + m*h = 12. Give f(h).
0
Let w(m) = 3*m**3 + 3*m**2 + 2*m + 2. Let p(y) = -y**3 - y. Suppose 4*c = -2 + 6. Let g(t) = c*w(t) + 4*p(t). Give g(2).
2
Let y(z) be the first derivative of z**2/2 - z - 6. Suppose -5*u + 4 = -4*u. Calculate y(u).
3
Let r = -7 - -11. Let v be ((-8)/((-16)/r))/(-2). Let y(u) = -7*u. Give y(v).
7
Let m(n) = n - 1. Let i be m(6). Suppose 0 = t - 2*t + i. Let g(s) = -s**2 + 4*s + 2. Give g(t).
-3
Let j(q) = q**3 + 2*q**2 - q. Let b(k) = -2*k**3 - k**2 + k. Let p = -2 + -1. Let t(m) = p*j(m) - 4*b(m). Give t(-1).
-6
Let u(t) = -3*t**3 - 2*t**2 - t. Let v(i) = i - 7. Let j = -8 + 14. Let b be v(j). Give u(b).
2
Let c(r) be the first derivative of -r**2 - 4*r + 17. What is c(-5)?
6
Let k(i) = -i**3 + 4*i - 4. Let p(f) = -f**2. Let u(d) = k(d) - p(d). Give u(3).
-10
Let l(f) = -f - 5. Let u = 9 + -13. Calculate l(u).
-1
Let s(g) = 5*g + 5*g - 3*g. Suppose 2*z - 2*r = -4, -3*z + 2*z + 3 = 4*r. Calculate s(z).
-7
Let u be (-3)/(-12) - (-142)/8. Let v = u + -13. Suppose 0*n + 25 = v*n. Let p(b) = b**3 - 4*b**2 - 6*b + 3. What is p(n)?
-2
Suppose m - 3*m = 0. Suppose 20 = -5*d - m*d. Let q(g) = g**3 + 3*g**2 - 6*g - 6. Give q(d).
2
Let h(j) = 9*j - 5. Suppose 3*n + 30 = -5*z, -4*n + 5*z - 3*z - 14 = 0. Let m(x) = -10*x + 6. Let c(u) = n*h(u) - 4*m(u). Calculate c(2).
-9
Let u(f) be the third derivative of f**5/60 - f**4/24 + 2*f**3/3 - 5*f**2. Give u(0).
4
Let v(d) be the second derivative of -d**5/2 - d**4/12 + d**3/3 - d**2/2 + 11*d. Let z be (2 - (0 + 0)) + -1. Calculate v(z).
-10
Let r(d) = -d**3 - 8*d**2 - 8*d - 6. Suppose 4*p = 4*m + 16, p - 16 - 2 = 3*m. Determine r(m).
1
Let n(g) = 0 + 2 + 8*g - 4*g - 1 - g**2. What is n(4)?
1
Let w(j) = j**2 - 4*j - 5. Let d be w(4). Let y(u) be the first derivative of -u**3/3 - 5*u**2/2 - 2*u - 1. Give y(d).
-2
Let g(a) be the third derivative of -a**6/120 + a**5/12 - a**4/24 + a**3/2 - 10*a**2. Calculate g(4).
15
Let w(z) = -3*z + 2. Let k be ((-3)/(-6))/(1/(-12)). What is w(k)?
20
Let b = 7 + -4. Let z = b - 0. Let u(p) = -2*p - 3*p + 6 - z - 2. What is u(-1)?
6
Let j(c) = -2*c**2 - 13*c + 3. Let y(x) = -x**3 + 10*x**2 + 10*x + 14. Let m be y(11). Let f(v) = v**2 + 7*v - 2. Let k(i) = m*j(i) + 5*f(i). Calculate k(-4).
-1
Let s be ((1 - -1)/2)/(-1). Let w(o) = 5*o**2. What is w(s)?
5
Let w = -5 - -9. Let n(f) = 3 + w - 4 - 1 + 4*f**2 + f**3 + 2*f. What is n(-3)?
5
Let o(j) = -j**2 + 6*j + 14. Let d be o(7). Let p(c) = c**3 - 8*c**2 + 6*c + 1. Determine p(d).
-6
Let q(y) be the second derivative of y**3/6 + y**2 - 6*y. Calculate q(3).
5
Let h(t) be the first derivative of -t**4/12 + 2*t**3/3 - t**2/2 - 1. Let o(g) be the second derivative of h(g). What is o(4)?
-4
Let x(g) = -2*g**2 + 7*g + 48*g**3 - 49*g**3 + 9*g**2 + 9. What is x(8)?
1
Let u(o) = -6 + 1 + 3 + 2*o. Let j be 4 + -1 + -7 + 9. What is u(j)?
8
Let r(b) be the first derivative of -b**3/3 - 3*b**2/2 + 1. Give r(-2).
2
Let x(h) = -6*h**2 + 7*h - 5. Let i(t) = 5*t**2 - 5*t + 1 + 4 - 2*t. Let z(y) = 5*i(y) + 4*x(y). Suppose 5*k = v - 24, -2*v - 8 = v + 5*k. Determine z(v).
-7
Let m be 2 - (4 + 0 + -12). Let u(t) = t**2 - 10*t - 6. What is u(m)?
-6
Let s(i) = -i**3 + 4*i**2 - i + 1. Let z(k) = -4*k**2 + 2*k - 1. Let c(n) = -5*n**2 + 2*n - 1. Let q(p) = -5*c(p) + 6*z(p). Let r be q(-3). What is s(r)?
7
Let s = -2 - -5. Let x(r) = -r - 2 + 3*r - s*r. What is x(5)?
-7
Let v(y) = -8*y**2 + 15*y**2 - 3*y**2 + 5 + 8*y - 3*y**2. What is v(-6)?
-7
Let x be -4*1/((-12)/(-15)). Let w(v) be the first derivative of -v**2 - v - 39. Determine w(x).
9
Let p(y) = -y**3 - 10*y**2 + 11*y - 5. Let x(m) = m**3 - 8*m**2 + 5*m + 3. Let l be x(7). What is p(l)?
-5
Let r(z) be the second derivative of z**4/12 + z**3/6 - z**2/2 + z. Let m(f) be the first derivative of r(f). Determine m(-2).
-3
Suppose 15 = -16*f + 11*f. Let c(l) = -3*l**2 + 7*l - 2. Let s(h) = -2*h**2 + 7*h - 2. Let t(n) = f*c(n) + 4*s(n). What is t(-6)?
-8
Let v be ((-16)/6 + 2)*-6. Let q(w) = 3*w. What is q(v)?
12
Let h(r) be the third derivative of r**5/120 + r**3/3 - 3*r**2. Let a(w) be the first derivative of h(w). Let c be 4*1 - (0 + 1). Give a(c).
3
Let m be ((-3)/(-2))/((-3)/(-6)). Let i(k) = k - 5. Determine i(m).
-2
Let o = -80 - -86. Let j(m) = -m + 3. Calculate j(o).
-3
Let x(i) = i**3 + i**2 + 11. Let k = -8 - -8. Give x(k).
11
Let t(y) = y**2 - 6*y. Suppose -k = -27 + 5. Let j = k + -16. What is t(j)?
0
Let g(s) = -s**3 - 2*s**2 + 5*s + 7. Let v be g(-2). Let l(r) = -3*r - 4. Determine l(v).
5
Let c(r) = r**3 + 3*r**2 - 14*r - 38. Let y be c(-4). Let i(t) = -2*t + 3. What is i(y)?
-1
Let n(z) = -z**3 + 3*z**2 + z - 1. Let u(m) = -m**3 + 2*m**2 + 5*m - 3. Let i be u(3). Suppose -5*f = -j + 18, -2*j = -j + i*f + 6. Calculate n(j).
2
Let d(i) = 3*i + 2*i - 2*i. Suppose n - 14 = -13. Give d(n).
3
Suppose -2*p + 2*l = 12, p - 3*l + 4 = -10. Let h(v) = v + 1. Determine h(p).
-1
Let t(g) = g**2 - g - 3. Suppose 0 = -0*w - 3*w. Suppose -3*m + w*m = 0. Determine t(m).
-3
Suppose 10*r - 14*r = 8. Let h(s) = -s + 2. Determine h(r).
4
Let h(r) be the second derivative of -r**5/20 + 7*r**4/12 - r**3 + r**2/2 + 5*r. Calculate h(5).
21
Let h(s) = -4*s**2 + 1. Suppose -3*m + 0 = -6. Suppose -3*r + 6 = -2*n - n, m*r + 5 = -n. Let o = n + 2. Calculate h(o).
-3
Let r(c) = 5*c**2 - c**2 - 5*c**2 + 2*c + 4. Let t(b) = 2*b + 1. Let h be t(-2). Determine r(h).
-11
Let x(t) = -3*t**2 - t - 1. Let d be (-84)/(-10) - 2/5. Let f = -3 + d. Suppose 0 = -2*o - 3*o - f. What is x(o)?
-3
Suppose 0 = -3*g - 52 + 64. Suppose 0*b - 3*b + 4*i = 6, -2*b - 2 = -2*i. Let m(v) = -v - 5*v**3 + 2*v**3 + 2*v**3 - 1 + 5*v**b. Determine m(g).
11
Suppose 0 = -j - 3*d + 4, 7 = 4*j - 0*j + 3*d. Let o(n) = 9*n**2 - 3*n + 3. Let h(s) = -s**2 - s + 1. Let v(a) = 2*h(a) - o(a). Give v(j).
-11
Suppose -6*a + 8*a = -4. Let q(c) = c**3 - 3*c - 2. Calculate q(a).
-4
Let s(m) be the first derivative of -m**4/4 + m**2/2 + 5*m - 10. Let i = -3 + 7. Suppose p - 1 = i*z, 7*z - 4*p = 3*z - 4. What is s(z)?
5
Let d(s) = -55*s**3 + 56*s**3 - 3*s**2 + 3 - 2. Determine d(2).
-3
Let h(r) = -2*r**2 + 0*r**2 + 0*r**2 + 2*r - 2. Suppose -2 = o, 2*k - 2 + 0 = -5*o. Let x = k + -4. 